49 - 365639. Calculate the highest common factor of y and 156.
52
Let l(k) = -11*k + 4. Let a be l(-1). Suppose a*r - 40 = 7*r. What is the highest common divisor of 125 and r?
5
Let s(r) = 188*r + 1039. Let c be s(-3). Let b(d) = 21*d + 1. Let w be b(9). Calculate the highest common divisor of w and c.
95
Let w be ((10 + -9)/((-8)/16))/((-1)/58). What is the greatest common divisor of 24 and w?
4
Suppose 106*i - 7473 = 8851. What is the highest common divisor of 98 and i?
14
Let j be ((-4)/32)/(11/(-88)). Let i be (252/16)/(j/12). What is the greatest common divisor of i and 105?
21
Let k be 795*((-18)/(-5))/6. Let r = 1844 + -1738. Calculate the highest common divisor of r and k.
53
Let y be 146/8*288/36. Let l = -116 + y. Calculate the highest common divisor of 750 and l.
30
Let n = 35 - 13. Let b(i) = -133*i + 686. Let c be b(4). What is the greatest common divisor of n and c?
22
Let s = -194109 + 194205. Let p(t) = 3*t**2 + 4*t. Let k be p(-4). What is the greatest common factor of k and s?
32
Suppose 88*h - 213*h = -170250. What is the greatest common factor of h and 18?
6
Let p = -248 - -248. Suppose 2*y = -p*y + 6, 0 = -4*r - 4*y + 44. Suppose 0 = -h - 0*h + 24. What is the greatest common factor of h and r?
8
Suppose -130*x + 53*x + 52*x + 2300 = 0. Calculate the greatest common divisor of x and 9154.
46
Let t(y) = 8*y**2 + 12*y + 56. Let r be t(-7). Let l = r + -279. What is the highest common factor of l and 68?
17
Let a = 2653 + -2610. Calculate the greatest common divisor of 5934 and a.
43
Suppose 16*b - 13*b - 36 = 0. Let c be (-48902)/(-245) - (b/(-5) + 2). What is the greatest common divisor of c and 40?
40
Let b(t) = t**3 + 2*t**2 - 2*t + 2. Let s be b(1). Suppose 8*h - 500 = s*h. Calculate the greatest common factor of 125 and h.
25
Let h be (-2)/13 - (62/(-465) + 113108/(-390)). Calculate the highest common factor of 70 and h.
10
Let f be (-19312)/(-119) - (-24)/14. Calculate the greatest common divisor of f and 492.
164
Let w be 897 + 18 - (1 + -4). Suppose 0*p + w = 6*p. Calculate the highest common divisor of 17 and p.
17
Let b(w) = -15*w - 8. Let h(i) = -8*i - 4. Let q(s) = -4*b(s) + 7*h(s). Let z be q(8). Let u = 962 + -782. What is the highest common divisor of u and z?
36
Suppose 2 = o - 4. Suppose 1388*j - 1377*j = 132. Calculate the greatest common divisor of o and j.
6
Let v be (182/13 - 13)*720. Calculate the highest common divisor of v and 450.
90
Let v = 694 - 690. Suppose -5*t + 309 + 242 = 3*a, v*a = 5*t + 723. Calculate the highest common factor of a and 26.
26
Let o(s) = 5*s**2 + 41*s - 88. Let c be o(8). Let w be ((-42)/(-8))/(3/40). What is the highest common divisor of w and c?
70
Let i be ((-60)/28)/(10/(-8988)). Calculate the greatest common factor of 12 and i.
6
Let j be 2*((-13)/(-2) - 5). Suppose 5*q + 3*k - 190 = 8*k, -5*q + j*k + 192 = 0. Calculate the greatest common divisor of 6 and q.
3
Let h = -43 - -35. Let l be (h/3)/((-2)/3). Suppose 103 + 117 = l*r. Calculate the greatest common factor of r and 5.
5
Let c = -43 - -45. Suppose 3*y = -2*k + 44 + 145, 5*y - 319 = -c*k. Suppose 0 = 2*o + 2, -r = 4*r - 5*o - y. Calculate the greatest common factor of 84 and r.
12
Let d(o) be the second derivative of -7*o**4/12 - 20*o**3/3 - 13*o**2/2 + 116*o. Let p be d(-5). Calculate the greatest common factor of p and 186.
6
Suppose -12*i = 20*i - 3*i - 116. Let o = -65 - -91. Calculate the highest common divisor of i and o.
2
Let i(k) = -k**2 + 6*k + 6. Let a be i(5). Let g = a + -1. Let y = -61731 + 61901. What is the highest common divisor of y and g?
10
Suppose 0 = 5*f + 5*r - 15, 5*f + 0*r - 14 = -4*r. Suppose -13*v + 208 = -8*v + 4*q, -f*v + 3*q + 97 = 0. Calculate the highest common factor of 330 and v.
22
Let q(c) = -13*c - 476. Let u be q(-29). Let j be (-219)/(-2)*(-3 - -1). Let y = u - j. Calculate the highest common factor of 40 and y.
40
Suppose 10*g = 3*g - 28. Let l be (-42)/28 - 74/g. Let y(o) = 2*o**2 - 3*o - 1. Let m be y(5). Calculate the greatest common divisor of m and l.
17
Let r be 0 - 5/(5/(-18)). Let x be (-9)/6 - (-290)/232*(-942)/(-5). Calculate the highest common divisor of x and r.
18
Suppose 3*l = -15, l - 119 = -2*p + 4*l. Let a = p + -4. Let x = -7 - -19. Calculate the greatest common factor of x and a.
12
Suppose -14*i + 242 = -16*i. Let f = i + 132. Calculate the greatest common divisor of f and 143.
11
Suppose 5*b - 521 + 114 = c, 834 = -2*c + 5*b. Let m = -282 - c. What is the greatest common divisor of m and 58?
29
Let y be (21/(-18))/((-2)/12). Suppose -5*n + 3 = -y. Suppose 6*w + 3*h = 5*w + 144, -n*w = -h - 316. What is the highest common factor of 12 and w?
12
Let i be 1/(6/9) - 50534/(-44). What is the highest common divisor of 1495 and i?
115
Let n = -305 - -319. Suppose n*u = 133 + 35. Let v be (-1)/(-1*(-1)/(-54)). Calculate the highest common factor of u and v.
6
Let r be 1 - (-95 + (-1 - 1)). Let k be (1 - 3) + r - 0. Suppose -w = 3*w - k. What is the highest common divisor of 36 and w?
12
Suppose -4*w - 4*j + 0*j + 6636 = 0, -4*w + j + 6631 = 0. Suppose -22*c + 344 = -w. What is the greatest common factor of c and 39?
13
Let g be (0 - (-1 - 3)) + 2. Suppose -g = -2*d - 0*d. Suppose -w + 17 = d. What is the highest common divisor of w and 35?
7
Let o be 4*(12 + -7 - (-9)/(-2)). Suppose -9*d + 11*d + 374 = o*u, -5*d + 353 = 2*u. What is the greatest common divisor of u and 40?
8
Suppose 0 = 2*r - 0*r - 4*o + 8, -2*r - 2*o = -4. Suppose 4*c = -r + 8. Let g be (-18128)/(-110) - c/(-10). Calculate the greatest common factor of g and 66.
33
Let k(c) = -4 - 2 - 5 - 49*c - 1. Let l be k(-1). Suppose 5*s - 102 = -l. What is the greatest common divisor of 143 and s?
13
Suppose 3*l + 70 = l - 5*x, l = -2*x - 36. Let q be l*(-5 - (-6 + 3)). What is the highest common divisor of q and 520?
40
Let v be 2/8 + 1330/56. Suppose 87*x + v = 89*x. Let w = x + 8. Calculate the highest common factor of w and 8.
4
Suppose 197*t - 678969 = 29*t + 232095. What is the greatest common divisor of 11 and t?
11
Suppose -3*q - 2*d + 7012 = 0, 3*d = -5*q + 1905 + 9783. Calculate the highest common divisor of 351 and q.
117
Suppose 0 = -3*c - x - 4*x + 1149, 5*c + 4*x - 1928 = 0. Let n = c + -263. Let z = -24 + 49. What is the greatest common factor of n and z?
25
Suppose -95 = -3*y - 4*a + 32, 177 = 5*y - 2*a. Calculate the highest common divisor of y and 5661.
37
Suppose 25*f - 585 = 22*f - 3*k, -2*f - 3*k + 387 = 0. Calculate the greatest common factor of 352 and f.
22
Suppose -4*p = -86 - 434. Let b = 2120 - 2110. What is the highest common factor of b and p?
10
Let o = 33880 - 22622. What is the highest common divisor of o and 52?
26
Let g(j) = -195*j - 1. Let n be g(1). Let h(s) = -s**3 + 20*s**2 + 336*s + 79. Let a be h(31). Let f = a - n. Calculate the greatest common factor of 8 and f.
8
Suppose -5*j + 3*m = -1484 - 842, -4*j - m + 1854 = 0. Let o = -8854 - -8870. Calculate the highest common divisor of j and o.
16
Let h(r) = -r**2 + 5*r + 17. Let i be h(7). Let s be i + (-30)/6 + 1*15. Let x = 38 - 12. What is the highest common divisor of x and s?
13
Suppose -21*g + 74620 = 161*g. Calculate the greatest common divisor of 943 and g.
41
Let d(z) = 2*z**2 - 161*z - 776. Let v be d(86). Calculate the greatest common factor of 136 and v.
34
Let r be 1/(2/44) - -1. Let s = 40798 - 40660. Calculate the greatest common divisor of s and r.
23
Let f = -28 - -11. Let p be (-491)/f - 4/(-34). Let j = -29 + 87. Calculate the highest common factor of p and j.
29
Let o = -221 + 430. Suppose 71*s + 6550 = -9425. Let c be 0 - s/20 - (-9)/(-36). What is the greatest common factor of o and c?
11
Let x = 274 + -265. Suppose -2935 = -4*i + z, 2945 = 4*i + 10*z - x*z. What is the greatest common divisor of i and 15?
15
Suppose -4*y - 16 = 0, -1345 = -2*z + 5*y - 597. Calculate the greatest common divisor of 504 and z.
28
Let g = 200 - 476. Let z = 281 + g. What is the highest common divisor of 40 and z?
5
Let r be (-158)/(-6)*(72 - -51). What is the greatest common divisor of r and 82?
41
Suppose -4*g = 5*b + 114 - 2224, -3*b + 2*g + 1244 = 0. Calculate the highest common divisor of 722 and b.
38
Let f(j) = -33*j**3 - 38*j**2 - 12*j - 4. Let d be f(-5). Calculate the highest common factor of 9 and d.
